(base 9) in base 13?
32c
Convert 18b2 (base 12) to base 9.
4118
Convert 10010110110 (base 2) to base 13.
71a
What is -12331 (base 8) in base 12?
-3109
2111223 (base 4) to base 10
9579
101 (base 7) to base 15
35
-111201 (base 3) to base 13
-226
-9279 (base 12) to base 8
-37075
Convert -11102 (base 3) to base 6.
-315
Convert 848 (base 16) to base 13.
c71
Convert 13a04 (base 12) to base 5.
1333424
Convert -946 (base 11) to base 9.
-1505
-284 (base 15) to base 3
-210021
-1ea (base 16) to base 10
-490
What is -307 (base 12) in base 6?
-2011
Convert -55615 (base 7) to base 8.
-33312
-10343 (base 5) to base 14
-399
203453 (base 7) to base 9
52752
Convert 220011 (base 3) to base 4.
22030
Convert -104023 (base 5) to base 14.
-147c
Convert 3243 (base 9) to base 16.
954
Convert 7033 (base 8) to base 6.
24415
16555 (base 7) to base 13
220c
What is 253 (base 11) in base 13?
1a1
What is 2598 (base 15) in base 12?
4782
What is 10271 (base 8) in base 16?
10b9
What is 40524 (base 8) in base 2?
100000101010100
-675 (base 12) to base 9
-1268
Convert -918 (base 13) to base 12.
-a86
3323 (base 9) to base 7
10101
Convert 1011110011111 (base 2) to base 16.
179f
What is 104200 (base 7) in base 16?
4765
-52a (base 14) to base 2
-1111111010
-201432 (base 5) to base 15
-1dcc
-371 (base 14) to base 15
-30c
What is -22211110 (base 3) in base 2?
-1100100100110
425 (base 11) to base 2
111111111
-125101 (base 6) to base 16
-2cdd
921 (base 14) to base 13
a7c
Convert 12736 (base 8) to base 4.
1113132
What is 7d (base 16) in base 14?
8d
Convert -18e0 (base 15) to base 9.
-7343
Convert 121113 (base 4) to base 12.
b33
What is -1100001100011 (base 2) in base 7?
-24126
-194 (base 10) to base 2
-11000010
What is 1213 (base 7) in base 12?
317
111231 (base 4) to base 7
4023
Convert -6e (base 16) to base 11.
-a0
Convert -107 (base 10) to base 12.
-8b
8c69 (base 13) to base 2
100110011101011
Convert -98 (base 16) to base 8.
-230
What is c8a (base 16) in base 10?
3210
-adb (base 16) to base 14
-1027
What is -30464 (base 7) in base 6?
-54245
What is 6084 (base 12) in base 7?
42343
3e3 (base 15) to base 9
1186
2b2a (base 12) to base 14
1bc6
What is 11031 (base 4) in base 13?
1c8
What is 212212 (base 3) in base 15?
2ce
Convert 50d7 (base 16) to base 9.
31344
Convert -4a37 (base 12) to base 3.
-102111221
Convert -2021011 (base 3) to base 13.
-9a0
4b82 (base 15) to base 8
37341
What is -5312 (base 6) in base 4?
-102230
Convert 231341 (base 5) to base 16.
209a
-352 (base 13) to base 12
-3ba
What is -204 (base 5) in base 7?
-105
101100011100110 (base 2) to base 15
6b23
-2f0d (base 16) to base 7
-50055
What is -274b (base 16) in base 9?
-14716
What is 14410 (base 9) in base 8?
23122
What is 10008 (base 11) in base 8?
34471
Convert -1021021 (base 4) to base 14.
-19c5
Convert 5604 (base 10) to base 5.
134404
What is 66069 (base 10) in base 5?
4103234
What is -8c31 (base 13) in base 14?
-7232
What is -24131 (base 6) in base 11?
-2702
What is -1ac46 (base 13) in base 3?
-2200011210
-1c6a (base 15) to base 2
-1100000011111
-2200200 (base 3) to base 6
-13030
What is 110111100001010 (base 2) in base 3?
1102222211
-5252 (base 8) to base 11
-2062
232320 (base 4) to base 11
2288
-977 (base 14) to base 8
-3515
Convert 1110020002 (base 3) to base 15.
8715
Convert -1093 (base 16) to base 13.
-1c15
What is -3120311 (base 4) in base 16?
-3635
Convert -11304 (base 5) to base 8.
-1475
Convert 54363 (base 9) to base 3.
1211102010
-233311 (base 4) to base 9
-4171
-1167 (base 8) to base 4
-21313
What is 54552 (base 6) in base 13?
3593
-110101101011111 (base 2) to base 6
-331131
What is -767 (base 11) in base 12?
-648
Convert 101000100110 (base 2) to base 6.
20010
Convert 2330213 (base 4) to base 11.
9084
Convert 1333 (base 6) to base 12.
249
What is -11ad3 (base 14) in base 3?
-2012101220
4040 (base 14) to base 13
5038
-321 (base 11) to base 14
-1d8
-1272 (base 9) to base 16
-3bc
Convert -4092 (base 10) to base 15.
-132c
What is -102210010 (base 3) in base 8?
-20615
What is 10142 (base 5) in base 2?
1010100000
What is -2b3b (base 12) in base 14?
-1bd5
Convert -11a (base 12) to base 9.
-204
What is 7a5b (base 12) in base 5?
413412
What is -4114 (base 7) in base 16?
-598
What is 1111 (base 10) in base 15?
4e1
Convert 1a636 (base 11) to base 14.
a672
Convert -11a4 (base 12) to base 15.
-8d1
1121020001 (base 3) to base 9
47201
Convert -13010 (base 4) to base 6.
-2032
700 (base 13) to base 7
3310
Convert -b4c2 (base 16) to base 4.
-23103002
Convert 1116 (base 12) to base 7.
5340
What is -7ad (base 14) in base 15?
-6ba
What is -30c3 (base 13) in base 10?
-6750
Convert 1121020 (base 3) to base 5.
14132
Convert 1011001111 (base 2) to base 16.
2cf
Convert -19c36 (base 15) to base 14.
-22743
3380 (base 11) to base 13
203b
269 (base 10) to base 13
179
-30351 (base 7) to base 11
-5605
What is -15222 (base 8) in base 2?
-1101010010010
Convert 3 (base 5) to base 4.
3
Convert 1444 (base 5) to base 12.
189
What is 16c (base 15) in base 7?
645
Convert 240440 (base 5) to base 3.
110011112
Convert -71737 (base 9) to base 6.
-1002441
What is 19a81 (base 11) in base 12?
141a7
-961 (base 13) to base 3
-2012021
58 (base 16) to base 5
323
5243 (base 7) to base 5
24334
-15072 (base 9) to base 16
-281f
-10000010101011 (base 2) to base 7
-33245
-1122204 (base 5) to base 12
-b900
What is -144101 (base 6) in base 14?
-50a1
3260 (base 8) to base 10
1712
-1124 (base 8) to base 14
-308
Convert 20304 (base 5) to base 8.
2461
What is 953 (base 14) in base 12?
1091
2010012 (base 3) to base 7
4334
What is 53200 (base 7) in base 2?
11001101001100
What is -744c (base 13) in base 11?
-11124
What is -624b (base 12) in base 14?
-3c95
124302 (base 5) to base 14
1b3a
What is -1122 (base 12) in base 11?
-1476
Convert 1c6 (base 16) to base 15.
204
What is -11010000101010 (base 2) in base 11?
-a040
What is -22033 (base 5) in base 4?
-113232
What is -a41 (base 16) in base 6?
-20053
Convert -4381 (base 12) to base 2.
-1110100010001
What is -12453 (base 7) in base 5?
-101241
2a94 (base 12) to base 11
3843
22502 (base 6) to base 7
12230
Convert -b264 (base 16) to base 14.
-12900
-1190 (base 11) to base 14
-7cb
9096 (base 13) to base 9
30256
What is 488 (base 9) in base 12?
298
Convert 5146 (base 7) to base 12.
105a
Convert -1011001110 (base 2) to base 13.
-433
111010111 (base 2) to base 8
727
Convert 10201 (base 5) to base 11.
565
Convert -2408b (base 13) to base 11.
-45673
Convert -1847 (base 10) to base 2.
-11100110111
10135 (base 16) to base 4
100010311
-772a (base 16) to base 4
-13130222
-6251 (base 9) to base 2
-1000111100110
What is 12313 (base 6) in base 9?
2470
-110100110 (base 2) to base 14
-222
-1056b (base 13) to base 10
-29495
Convert 3022 (base 6) to base 16.
296
What is -11354 (base 8) in base 15?
-167e
Convert 544 (base 14) to base 9.
1375
111002 (base 4) to base 15
5eb
-144245 (base 7) to base 13
-c923
What is 8b5 (base 12) in base 4?
110021
What is a441 (base 12) in base 4?
10113301
What is 11204 (base 12) in base 14?
8416
-1398 (base 15) to base 9
-5668
Convert -1a (base 12) to base 14.
-18
28c (base 13) to base 4
13012
What is -202 (base 6) in base 14?
-54
6289 (base 10) to base 4
1202101
Convert -cc9b (base 15) to base 13.
-16964
-4432 (base 8) to base 6
-14442
Convert 52a5 (base 12) to base 16.
235d
Convert 3522 (base 6) to base 9.
1135
2130003 (base 4) to base 16
2703
Convert -2104 (base 7) to base 4.
-23203
Convert -2121000 (base 3) to base 6.
-12430
-2e (base 15) to base 16
-2c
2823 (base 10) to base 16
b07
What is -2621 (base 13) in base 11?
-40a1
What is -9ca (base 16) in base 11?
-1979
What is 1022330 (base 4) in base 14?
1a68
Convert -25422 (base 9) to base 6.
-211115
Convert -11142 (base 6) to base 8.
-3046
Convert 1074 (base 10) to base 5.
13244
Convert -1000102 (base 4) to base 2.
-1000000010010
What is 2055 (base 6) in base 8?
723
What is e2 (base 16) in base 11?
196
Convert 3f0 (base 16) to base 9.
1340
Convert -47527 (base 8) to base 9.
-30767
Convert 2101032 (base 4) to base 11.
6a8a
Convert -10000011100 (base 2) to base 11.
-877
Convert 120102020 (base 3) to base 15.
34e3
What is -10223303 (base 4) in base 12?
-b12b
What is 389a (base 16) in base 8?
34232
Convert -10101100 (base 2) to base 15.
-b7
What is 561a (base 11) in 